NOAA Reports


Report for 2020 11






                            MONTHLY CLIMATOLOGICAL SUMMARY for NOV. 2020

NAME: THE FARM   CITY: Calabash STATE: North Carolina
ELEV: 44 Feet LAT: 033:55:28.7554 LONG: -0078:34:10.7426

                            TEMPERATURE ( F), RAIN (in.), WIND SPEED (mph)

                                               HEAT     COOL           AVG
      MEAN                                     DEG      DEG            WIND                      DOM
DAY   TEMP    HIGH   TIME     LOW    TIME      DAYS     DAYS    RAIN   SPEED   HIGH    TIME      DIR
--------------------------------------------------------------------------------------------------------
01    62.6   079.2   10:28    52.5   01:59     02.4     00.0   00.68   002     022    11:02      SW
02    47.2   057.9   00:24    34.8   23:59     17.8     00.0   00.01   004     023    09:50      N 
03    46.1   065.1   14:40    33.3   05:30     18.8     00.0   00.02   001     008    11:33     WNW
04    53.2   072.5   13:41    36.1   06:16     11.8     00.0   00.00   001     010    13:13     SSE
05    65.2   077.9   11:34    54.9   00:01     00.0     00.2   00.04   002     013    11:54      E 
06    67.9   075.8   12:03    62.4   06:55     00.0     03.0   00.02   003     015    11:47     ENE
07    69.6   080.9   14:01    61.9   06:48     00.0     04.7   00.03   004     017    14:01     ENE
08    70.5   081.6   11:23    63.6   04:44     00.0     05.6   00.01   005     021    12:18      E 
09    70.1   081.8   12:53    63.8   04:41     00.0     05.1   00.01   004     022    13:59      E 
10    72.4   082.0   11:09    63.4   05:39     00.0     07.5   00.04   003     020    11:25     SSE
11    75.5   078.2   11:54    74.6   05:57     00.0     10.6   00.37   005     021    13:48     SSW
12    71.2   078.4   10:35    64.2   17:00     00.0     06.2   04.12   005     028    15:00     SSW
13    64.6   072.1   13:28    55.3   23:22     00.4     00.0   00.13   002     015    13:32      E 
14    62.5   073.5   14:22    54.8   01:15     02.5     00.0   00.04   002     013    08:46      S 
15    66.4   076.5   12:35    57.9   05:01     00.0     01.5   00.06   002     016    15:18     WNW
16    57.2   067.7   00:02    42.7   00:00     07.7     00.0   00.00   002     018    09:24     ESE
17    52.0   067.3   12:57    39.1   06:38     12.9     00.0   00.00   002     018    14:13     ENE
18    43.5   052.1   14:41    33.5   23:55     21.4     00.0   00.01   003     023    09:43      SE
19    46.2   061.1   14:34    33.5   00:05     18.7     00.0   00.00   002     013    08:58      SE
20    55.9   073.9   11:56    42.0   01:05     09.0     00.0   00.00   001     010    13:24      SW
21    56.4   073.2   14:45    43.0   07:13     08.6     00.0   00.04   001     009    13:30     SSW
22    64.2   077.1   12:05    53.2   04:24     00.7     00.0   00.00   002     013    13:21     SSW
23    58.3   067.9   13:05    43.7   22:06     06.6     00.0   00.00   002     020    13:47     ESE
24    47.4   059.3   13:50    40.1   22:25     17.5     00.0   00.00   003     017    09:29     SSE
25    57.3   071.3   13:43    40.1   01:39     07.6     00.0   00.04   002     013    22:25      SW
26    67.9   079.0   11:35    61.7   22:30     00.0     03.0   00.05   001     015    12:49      NW
27    63.9   074.4   13:30    51.5   23:18     01.0     00.0   00.68   001     010    12:56      NE
28    55.3   062.6   14:28    49.9   00:00     09.6     00.0   00.09   000     005    14:33      E 
--------------------------------------------------------------------------------------------------------
60.4 (61.2)   82.0  day 10     33.3  day 03   175.0    047.3   06.51   02.3     028   day 12      SE
Min <=  86: 28
Max Rain: 4.12 ON 12-11-20
Days of Rain: 20 (> .008in) 6 (> .08in) 1 (> 0.8in)