NOAA Reports


Report for 2020 09






                            MONTHLY CLIMATOLOGICAL SUMMARY for SEP. 2020

NAME: THE FARM   CITY: Calabash STATE: North Carolina
ELEV: 44 Feet LAT: 033:55:28.7554 LONG: -0078:34:10.7426

                            TEMPERATURE ( F), RAIN (in.), WIND SPEED (mph)

                                               HEAT     COOL           AVG
      MEAN                                     DEG      DEG            WIND                      DOM
DAY   TEMP    HIGH   TIME     LOW    TIME      DAYS     DAYS    RAIN   SPEED   HIGH    TIME      DIR
--------------------------------------------------------------------------------------------------------
01    81.7   092.3   13:07    74.3   06:57     00.0     16.8   00.43   001     015    16:39      W 
02    84.6   093.6   12:48    75.9   07:07     00.0     19.6   00.00   002     013    16:44      NW
03    85.6   095.2   13:36    78.5   07:02     00.0     20.6   00.03   001     015    17:51      NW
04    84.3   095.1   16:07    75.9   06:14     00.0     19.4   00.00   001     009    12:36      SE
05    80.5   090.2   12:28    73.1   23:26     00.0     15.5   00.01   003     018    15:50     SSE
06    76.6   086.6   14:55    68.0   07:33     00.0     11.6   00.03   003     013    09:00      SE
07    74.2   085.2   16:03    67.3   07:18     00.0     09.2   00.00   002     015    12:35      SE
08    73.6   079.9   10:38    66.8   02:07     00.0     08.7   00.07   002     012    20:32     SSE
09    77.7   085.8   13:18    73.7   03:33     00.0     12.8   01.39   003     017    11:08     SSE
10    80.3   088.8   15:10    76.2   06:06     00.0     15.3   00.16   001     010    15:10      S 
11    79.3   086.4   10:37    75.9   03:41     00.0     14.4   00.05   001     013    11:35      S 
12    76.8   080.9   17:04    72.8   00:00     00.0     11.8   00.05   004     017    17:15     SSE
13    76.4   085.3   12:49    68.0   07:51     00.0     11.5   00.03   002     012    13:23      SE
14    78.2   088.7   14:14    71.0   04:47     00.0     13.2   00.02   002     016    22:47      S 
15    74.0   082.0   14:35    67.7   07:32     00.0     09.0   00.38   005     022    11:07     SSE
16    72.9   083.0   13:26    65.5   05:22     00.0     07.9   00.76   005     020    09:34      S 
17    77.0   080.9   12:12    73.4   03:52     00.0     12.1   03.55   002     018    19:32      W 
18    73.9   080.3   00:15    70.1   00:00     00.0     08.9   00.67   003     021    13:11      SE
19    65.1   070.4   00:05    59.8   00:00     00.0     00.1   00.02   006     025    16:40     SSE
20    64.1   074.4   16:28    55.4   07:32     00.8     00.0   00.01   007     026    11:29      S 
21    62.0   071.8   13:00    54.4   07:06     02.9     00.0   00.00   006     032    14:19      S 
22    59.3   071.9   15:39    49.9   06:45     05.7     00.0   00.03   002     015    10:03     SSE
23    59.5   074.7   15:04    47.9   06:02     05.5     00.0   00.00   001     009    16:19      NW
24    67.4   082.0   14:42    55.3   00:25     00.0     02.4   00.04   001     012    14:48      NW
--------------------------------------------------------------------------------------------------------
74.4 (75.5)   95.2  day 03     47.9  day 23   014.9    241.1   07.74   02.7     032   day 21     SSE
Max >=  86: 9
Min <=  86: 24
Max Rain: 3.55 ON 17-09-20
Days of Rain: 19 (> .008in) 7 (> .08in) 2 (> 0.8in)